True
Is 8931117953 prime?
True
Is 10009257397 a composite number?
True
Is 276212239 a composite number?
False
Is 78726196253 a composite number?
False
Is 4617543841 composite?
False
Is 152967797 prime?
True
Is 2709044549 composite?
False
Is 13389357521 prime?
False
Is 23928428983 prime?
False
Is 1999889957 prime?
False
Is 348604027 prime?
True
Is 13055207 prime?
False
Is 838381393 a prime number?
True
Is 636390421 composite?
True
Is 1976592923 a prime number?
True
Is 7446612469 composite?
True
Is 361472821 prime?
True
Is 300213389 a composite number?
True
Is 45736151233 a composite number?
False
Is 307605331 composite?
True
Is 1031358253 composite?
True
Is 54487236821 a composite number?
True
Is 9627208109 composite?
False
Is 318718541 a composite number?
False
Is 2293533883 composite?
True
Is 87591937 a prime number?
True
Is 11704171421 a prime number?
True
Is 751468679 a composite number?
True
Is 67963891 a composite number?
False
Is 3444753101 a composite number?
False
Is 1127844713 a prime number?
False
Is 1376646671 prime?
True
Is 1924604989 prime?
True
Is 653194063 composite?
False
Is 3060818899 composite?
True
Is 312629111 prime?
True
Is 574741213 composite?
False
Is 3915902483 a composite number?
False
Is 1385485889 a prime number?
True
Is 3291307573 prime?
False
Is 76555545607 prime?
True
Is 3372277627 prime?
False
Is 1232950409 prime?
True
Is 6243101941 composite?
True
Is 3404284661 composite?
False
Is 566383751 prime?
False
Is 91759687051 a prime number?
True
Is 12577780549 a composite number?
False
Is 1530569333 a prime number?
True
Is 533860277 a prime number?
True
Is 1602063217 prime?
False
Is 3955617307 a prime number?
False
Is 4190775671 composite?
False
Is 583138191 a prime number?
False
Is 1967516771 prime?
False
Is 11894720557 a prime number?
False
Is 237506363 prime?
False
Is 12262228903 a prime number?
True
Is 4598840951 composite?
False
Is 1276900333 prime?
True
Is 26997892391 a prime number?
True
Is 23393515319 composite?
True
Is 13513889 a prime number?
False
Is 357108299 composite?
False
Is 6139512989 composite?
False
Is 12921373013 a composite number?
False
Is 169808028517 composite?
True
Is 2234742619 prime?
True
Is 6331858363 a composite number?
False
Is 1431196337 a prime number?
False
Is 375498199 prime?
False
Is 9646220809 a prime number?
True
Is 480642497 a composite number?
True
Is 669303293 a composite number?
False
Is 873742501 a composite number?
False
Is 17946005111 prime?
False
Is 72772697 a composite number?
False
Is 5798659567 prime?
True
Is 627742409 a composite number?
True
Is 298721443 composite?
True
Is 251701705 prime?
False
Is 2012469059 a composite number?
False
Is 6719005301 composite?
False
Is 907536089 a prime number?
True
Is 1065789071 composite?
True
Is 237645955 composite?
True
Is 15851839951 composite?
False
Is 11913684667 a prime number?
False
Is 19439786341 a composite number?
True
Is 713746051 a prime number?
False
Is 56534119 a prime number?
True
Is 1317134611 prime?
False
Is 2721888943 composite?
False
Is 15141341903 a prime number?
True
Is 745542101 a prime number?
True
Is 15888410533 composite?
False
Is 4565275879 prime?
False
Is 104172457 composite?
False
Is 2981144521 composite?
True
Is 10823699339 composite?
False
Is 299161531 a composite number?
False
Is 5318329421 a prime number?
False
Is 279907093 composite?
True
Is 1702622701 prime?
False
Is 18742730309 a composite number?
False
Is 116853477319 composite?
False
Is 5316723751 a prime number?
False
Is 81826897 a prime number?
True
Is 56322258599 prime?
True
Is 1260786319 prime?
False
Is 2992822471 a prime number?
True
Is 6898879609 prime?
True
Is 1336736417 a composite number?
False
Is 9202129379 a prime number?
True
Is 21912717947 a composite number?
False
Is 1514688347 prime?
True
Is 1188188759 prime?
False
Is 639917353 composite?
False
Is 289610879 a prime number?
False
Is 21128685629 prime?
True
Is 27028771933 a prime number?
False
Is 5263067767 prime?
True
Is 655687181 a prime number?
True
Is 869395643 composite?
True
Is 63512466503 a prime number?
True
Is 556644373 prime?
False
Is 4444192079 a prime number?
True
Is 581070461 a prime number?
False
Is 30997310717 composite?
True
Is 129338243 composite?
False
Is 8461832507 prime?
True
Is 687154939 a prime number?
True
Is 536510599 prime?
False
Is 33850658953 a composite number?
False
Is 380180389 prime?
True
Is 25595999833 a composite number?
True
Is 1238957383 composite?
False
Is 1207334939 a composite number?
True
Is 36377212789 a prime number?
True
Is 54772738 prime?
False
Is 128664233981 composite?
False
Is 7187614223 composite?
False
Is 57428333 composite?
True
Is 51655913 prime?
True
Is 90549869 a prime number?
True
Is 690734039 composite?
False
Is 83746208681 prime?
True
Is 628322437 a prime number?
True
Is 23589821117 a composite number?
False
Is 3701909471 a prime number?
False
Is 198504899 prime?
False
Is 23521844483 composite?
True
Is 70650357782 a composite number?
True
Is 3289578065 a prime number?
False
Is 11272357 prime?
False
Is 160231597 composite?
False
Is 16927880911 prime?
False
Is 45055014937 a composite number?
False
Is 3004715731 a composite number?
False
Is 19679274473 a prime number?
False
Is 4250027569 prime?
False
Is 71923931927 composite?
False
Is 6043699931 prime?
False
Is 1691462497 prime?
False
Is 526273819 a prime number?
True
Is 27434438147 a prime number?
False
Is 7330806013 composite?
False
Is 4763348531 a composite number?
True
Is 196923917 a prime number?
True
Is 1545260107 a prime number?
False
Is 4680848009 composite?
False
Is 61575213943 a prime number?
True
Is 2576864903 composite?
True
Is 8568217351 a composite number?
True
Is 73084829 composite?
False
Is 107029679 prime?
False
Is 4000126321 prime?
True
Is 21742105531 prime?
False
Is 14929096139 composite?
False
Is 174528971 composite?
True
Is 347215681 a composite number?
False
Is 25733388781 prime?
False
Is 6135673 composite?
True
Is 8576365243 composite?
False
Is 3897268409 a composite number?
True
Is 23994592199 prime?
False
Is 1501654933 a prime number?
True
Is 7757189087 a prime number?
True
Is 8305282861 a composite number?
False
Is 1209843827 composite?
True
Is 4011514063 a prime number?
False
Is 1029555913 prime?
True
Is 46984672547 prime?
True
Is 33858271805 prime?
False
Is 3806779727 a composite number?
True
Is 1059906893 prime?
False
Is 2343232007 a composite number?
True
Is 10602285887 composite?
False
Is 1210859257 composite?
False
Is 593170579 prime?
False
Is 12385120367 composite?
False
Is 85035274559 a prime number?
True
Is 4890195997 composite?
True
Is 509859109 prime?
False
Is 3349208162 a prime number?
False
Is 914434501 a composite number?
False
Is 2109555841 prime?
True
Is 2186589269 composite?
True
Is 414662917 composite?
True
Is 3255877337 a composite number?
False
Is 1204601269 composite?
True
Is 70924426981 a composite number?
True
Is 4806602247 prime?
False
Is 63854093461 composite?
True
Is 436227058 prime?
False
Is 26113912673 composite?
True
Is 13626202099 composite?
True
Is 450851567 composite?
True
Is 19333601 prime?
False
Is 14747939737 prime?
True
Is 156548109415 a composite number?
True
Is 1282252579 a composite number?
True
Is 11527660609 composite?
False
Is 43577161 a composite number?
False
Is 1549295617 a composite number?
True
Is 11305062211 a prime number?
False
Is 2543214253 composite?
True
Is 76476769 a prime number?
True
Is 264585395 prime?
False
Is 5787055751 prime?
True
Is 165706799 prime?
True
Is 20947216471 prime?
True
Is 10697327 a prime number?
False
Is 565005479 a prime number?
True
Is 6693918559 prime?
True
Is 24243411683 prime?
False
Is 1052960273 a composite number?
False
Is 1116824327 composite?
False
Is 1684959527 a composite number?
False
Is 3222317731 prime?
False
Is 3300429877 a prime number?
False
Is 1031961521 a composite number?
False
Is 2362442671 a composite number?
True
Is 366180043 composite?
True
Is 29210132027 a composite number?
True
Is 369125111 prime?
True
Is 586996769 composite?
False
Is 17047762527 a composite number?
True
Is 1939038845 a composite number?
True
Is 56956576343 prime?
True
Is 38916215903 a composite number?
True
Is 12800569 prime?
False
Is 3165648461 a prime number?
True
Is 25713070003 prime?
F